{"id":1174,"date":"2025-12-10T19:58:53","date_gmt":"2025-12-10T18:58:53","guid":{"rendered":"https:\/\/petitjacquart.com\/?post_type=product&#038;p=1174"},"modified":"2025-12-10T20:02:08","modified_gmt":"2025-12-10T19:02:08","slug":"tasse-impossible","status":"publish","type":"product","link":"https:\/\/petitjacquart.com\/index.php\/product\/tasse-impossible\/","title":{"rendered":"Tasse impossible"},"content":{"rendered":"","protected":false},"excerpt":{"rendered":"<p>Vase en c\u00e9ramique gr\u00e8s chamott\u00e9<\/p>\n","protected":false},"featured_media":1179,"template":"","meta":[],"_links":{"self":[{"href":"https:\/\/petitjacquart.com\/index.php\/wp-json\/wp\/v2\/product\/1174"}],"collection":[{"href":"https:\/\/petitjacquart.com\/index.php\/wp-json\/wp\/v2\/product"}],"about":[{"href":"https:\/\/petitjacquart.com\/index.php\/wp-json\/wp\/v2\/types\/product"}],"wp:featuredmedia":[{"embeddable":true,"href":"https:\/\/petitjacquart.com\/index.php\/wp-json\/wp\/v2\/media\/1179"}],"wp:attachment":[{"href":"https:\/\/petitjacquart.com\/index.php\/wp-json\/wp\/v2\/media?parent=1174"}],"curies":[{"name":"wp","href":"https:\/\/api.w.org\/{rel}","templated":true}]}}